t is the units digit of t?
2
Let s be 11/(-77) + 1/7. What is the units digit of (-9)/((-18)/544) + s?
2
Let j(a) be the third derivative of -103*a**4/8 + 8*a**2 + 4. What is the units digit of j(-1)?
9
Suppose -2*h + 15750 = 4*c, -4*h + 11*c + 31565 = 6*c. What is the thousands digit of h?
7
Suppose -1206*o + 1218*o = 60984. What is the tens digit of o?
8
Let r(v) = 5*v - 7. Let a be r(2). Suppose 3 - 13 = -5*n, -a*m - 5*n + 25 = 0. Suppose -m = -2*p + 23. What is the units digit of p?
4
Let w(u) be the second derivative of -u**6/240 - 3*u**5/40 + 2*u**4/3 + 33*u. Let p(h) be the third derivative of w(h). What is the units digit of p(-27)?
2
Suppose -3*a = -4*j - 44991, 4*j + a + 44987 = -0*j. What is the units digit of 18/42 + j/(-21)?
6
Suppose 7118 = 5*x - 2*d, 2592 + 4510 = 5*x + 2*d. Suppose -12*b + x = -6*b. What is the tens digit of b?
3
Let t(h) = 8*h**2 - 122*h + 157. What is the thousands digit of t(38)?
7
Let w(j) = -20*j - 50. Suppose -5*t = -3*z + 31, -4*t + 3*z - 27 = -4. What is the hundreds digit of w(t)?
1
Suppose 6*c = -7*c + 2249. Let n = c - 19. What is the units digit of n?
4
Let m be 21/6 - 2 - (-909)/6. Let w = m + -151. What is the units digit of w/2 - 4 - -10?
7
What is the hundreds digit of (161/115)/(-7) + -2361*22/(-10)?
1
Let m be (4 + 1 + -2 + -4)*0. Suppose m = 3*f - 5*g - 660, -4*f - g - 220 = -5*f. What is the tens digit of f?
2
Let d be (3 - -3)*(-9)/6. Let l = 224 - 181. Let u = d + l. What is the tens digit of u?
3
Suppose 0 = -2*r - 5*q + 18068, 2*r = -864*q + 860*q + 18066. What is the tens digit of r?
2
Let w(t) = -t**3 + 31*t**2 + 74*t + 8. What is the hundreds digit of w(11)?
2
Let z be 6/9 - (-152)/(-12). What is the hundreds digit of (1605/10)/(z/(-16)) - -3?
2
Let z = 473 - 335. Suppose 5*i + 4*y - 289 = 0, 2*i - y = 3*y + z. What is the tens digit of i?
6
Let a(k) = -276*k + 1562. Let o be a(5). Let r be (-4 - 0)*194/(-8). Let s = o - r. What is the tens digit of s?
8
Let r = 5139 - 2739. What is the thousands digit of r?
2
Let f = -722 - -5843. What is the hundreds digit of f?
1
Let q be (3/6)/(447/450 + -1). Let s = 44 - q. Suppose -2*i + 271 + s = 0. What is the hundreds digit of i?
1
What is the hundreds digit of -29*((-46)/(-391) - (-9218)/(-34))?
8
Suppose -4*r - 4*x + 2284 = 0, -3*x - 479 - 92 = -r. Let h = 1226 - r. What is the tens digit of h?
5
Suppose 5*i - 2120 = -4*k, 323 = k + 5*i - 207. Suppose 0 = -531*q + k*q + 113. What is the units digit of q?
3
Let w be 1/(-2) + (3690/4)/9. Let q = w + 253. What is the units digit of q?
5
Let b(h) = h**2 - 6*h + 6. Let f be b(5). Let m be (1 - -4)/(f + 0). Suppose -5*j - 240 = -m*i, -4*j - 42 = -i - 5*j. What is the units digit of i?
5
Let c(r) = 5*r**3 - r**2 - r + 2. Let s be -1*3*(1 - (-12)/(-9)). Let d be c(s). Suppose 1024 = d*f + 3*f. What is the hundreds digit of f?
1
Let j = 44 - 30. Let w(r) = -4*r**2 - 10*r + 23. Let u be w(j). What is the hundreds digit of 2/7 - (-3)/((-21)/u)?
1
Let d be (66/84 + (-2)/7)*98. Suppose -3*s = 4*s - d. Let q = s - -29. What is the tens digit of q?
3
Let v(i) be the second derivative of -i**2/2 + 2*i. Let n(t) = 53*t + 32. Let x(d) = -n(d) - 6*v(d). What is the hundreds digit of x(-4)?
1
Suppose 21*b = 10*b + 2904. Suppose -744 = -5*g - b. What is the units digit of g?
6
Let p = 42 + -34. Suppose -4*t + 4*x + p = 0, -t - x = 3*t - 8. Suppose 1031 = 5*f + t*n + 2*n, -2*n + 8 = 0. What is the units digit of f?
3
Let z(l) = -27*l - 2*l - 7 - 3*l. Let p(y) = -y. Let j(w) = -2*p(w) - z(w). What is the units digit of j(5)?
7
Let g(h) = 4*h + 37. Let i be g(-7). Let m be i/((-81)/(-6)) - (-8)/(-3). What is the hundreds digit of 10/(m*(-3)/84)?
1
What is the thousands digit of -1*1*(2 + -9919)?
9
Let c(f) be the third derivative of 59*f**4/24 - 31*f**3/6 - 76*f**2. What is the units digit of c(10)?
9
Suppose 0*v + 5*q - 17 = v, -4*q + 22 = 2*v. Let h be (v - (-1461)/15) + (-6)/15. Suppose h = -5*m + 1395. What is the tens digit of m?
5
What is the tens digit of (1 + 3 - 21599/3)/((-16)/48)?
8
Let j(v) = 5*v**2 - 16. Let w = -81 - -88. What is the hundreds digit of j(w)?
2
Suppose -g = k - 26879, 0 = 4*g + k + 26402 - 133924. What is the tens digit of g?
8
Let k = -10 + 10. Suppose -3*r + 0 + 132 = k. Suppose -r - 20 = -v. What is the units digit of v?
4
Let w(x) = -x**3 + 25*x**2 + 4*x + 14. Let r = -16 - -41. Let l be w(r). Suppose 205 = 2*m - 5*h, -h = -2*m + 323 - l. What is the units digit of m?
5
Let p = -1741 + 2536. Let c be (-1 + 4 + 6)*(-2)/6. What is the tens digit of c/(-2) + p/6?
3
Let k be 7/1 + 0/4. Suppose a + 1 - 19 = 0. Suppose 115 + a = k*c. What is the units digit of c?
9
Let q = 10855 - 7449. What is the hundreds digit of q?
4
Suppose 2*o + 13 = 2*q + q, 5*q = 15. Let y be 10*((-24)/18 - -4)*(-9)/(-20). What is the tens digit of 16967/114 - o/y?
4
Let h(y) = 4*y**3 - 29*y**2 + 12*y + 65. What is the thousands digit of h(11)?
2
Let k(y) = y**2 - 5*y + 5. Let h be (-5)/(-10)*-30*1/(-3). Let u be k(h). What is the tens digit of (-5)/25 - (-1)/(u/271)?
5
Let u = 18 + 102. Suppose 0 = -4*w + 2*w - u. What is the units digit of 40/w*96/(-1)?
4
Let j(d) = 4*d**3 + 3*d**2 + 6*d - 7. Let a be -2 - (-8)/((-56)/(-49)). What is the units digit of j(a)?
8
Suppose 4*j = -2*y + 3934 + 5208, -5*j - 5*y + 11420 = 0. What is the hundreds digit of j?
2
Let p be (-25)/(-50) + (-10)/4. Let q be (30/(-4))/((-1)/p). What is the tens digit of (-4768)/(-20) + 6/q?
3
Let h(l) = -3*l - 6. Let o be h(6). Let x be (-28)/(-6)*o/8. Let n(k) = -k**3 - 14*k**2 - 10*k - 24. What is the tens digit of n(x)?
1
Suppose 10*l - 15 + 495 = 0. Let q = l + 50. Suppose -4*o = -2*n - 650, -q*o + 2*n - 498 = -5*o. What is the hundreds digit of o?
1
Suppose -318*g = -319*g + 3537. What is the hundreds digit of g?
5
Suppose 6*v = -4*g + 5*v + 9901, 2*v + 9898 = 4*g. Suppose -11*l + 5*y + g = -6*l, -y = -5. What is the hundreds digit of l?
5
Suppose 0 = 3*q + q - 96. Let n(k) = 2*k**2 - 42*k + 58. What is the units digit of n(q)?
2
What is the hundreds digit of 10/(-35) + 595221/357?
6
Suppose 0 = -8*z + 924 - 3868. Let v = -357 - z. What is the units digit of v?
1
Let y(s) be the third derivative of s**5/60 - s**4/24 - 13*s**3/6 - 1149*s**2. Suppose 5*u - 13 = -l + 4*u, 5*l - 5*u = 45. What is the tens digit of y(l)?
9
Let m = 1454 + -990. Let u = m - 782. What is the hundreds digit of (2*(-4)/24)/(1/u)?
1
Suppose 5*x = -22*h + 20*h + 1585, -1265 = -4*x - h. What is the tens digit of (-245)/x + (-4)/18 - -1773?
7
Let p(o) = o + 44. Let n(t) = t + 44. Let h(b) = 5*n(b) - 4*p(b). What is the tens digit of h(9)?
5
Let m = -32 - -21. Let u be m/(-3) + 9/27. Suppose -u*o - 49 = -521. What is the tens digit of o?
1
Suppose 7095 = 55*q - 40*q. Let c = 775 - q. What is the units digit of c?
2
What is the tens digit of 796185/81 + 4/(-9)?
2
Let a = -75 + 200. Suppose -114*g - 1639 = -a*g. What is the units digit of g?
9
Let c = -960 - -2068. What is the units digit of c?
8
Let z be (0 - -6) + (31 - 35). Suppose -140 = -z*g + 32. What is the tens digit of g?
8
Let h(j) be the third derivative of -11*j**4/2 + j**3/6 - 5*j**2. Let y be h(-1). Let s = -56 + y. What is the tens digit of s?
7
Suppose 2*i - 3*h + 2 = -0*i, -5*i + 2*h - 5 = 0. Let d be i*((-180)/(-99) + (-2)/(-11)). What is the units digit of 2 - d - 127/(-1)?
1
Suppose -2*k + z + 10538 = 0, -15812 = -3*k - z - 0*z. Let y be k/18 + 6/27. Let n = 434 - y. What is the hundreds digit of n?
1
Suppose -7*b + 2*b = 3*d - 35558, 3*d = -3*b + 21330. What is the hundreds digit of b?
1
Suppose -2*k = -2*d, 7*d - 8*d = 2*k - 15. Suppose c + 4*h = 63, k*c - 3*h + 8*h - 285 = 0. What is the units digit of c?
5
Let s = 25 - 18. Suppose r = 0, -3*d + 2*r + 1503 = s*r. Suppose 0 = 6*f - d - 537. What is the hundreds digit of f?
1
Suppose 2*c = -4*r + 13811 + 4439, -2*r + 4*c + 9130 = 0. What is the thousands digit of r?
4
Let a = -15 - -11. Let t(h) = -9*h**2 - 10. Let n be t(a). Let b = n - -274. What is the hundreds digit of b?
1
What is the thousands digit of (-2 - 66/(-30)) + 190296/45?
4
Let x(p) = p**2 - 20*p + 44. Let y(n) = -n**2 - 8*n + 13. Let b be y(-11). Let l be (((-36)/(-5))/(-2))/(4/b). What is the units digit of x(l)?
8
Let u(y) = -2*y**3 - 4*y**2 - y + 1352. What is the tens digit of 